w?
8
Let f(i) = 19*i**2 - 471*i - 80. What is the remainder when 152 is divided by f(25)?
12
Suppose f - 2 = -2*i, 2 = -2*f + f. What is the remainder when 1 - i - (14 + -56) is divided by 10?
1
Suppose -516 = -69*r + 36. Calculate the remainder when 1799 is divided by r.
7
Suppose 0 = 26*l - 350 - 664. Calculate the remainder when 887 is divided by l.
29
Let u be 3/3*-1*0. Suppose -p + u = -4. Calculate the remainder when (-1 - (-138)/30)*5 is divided by p.
2
Let k(f) = f**3 + 28*f**2 - 66*f - 62. What is the remainder when k(-30) is divided by 60/2*(-5)/(-15)?
8
Calculate the remainder when 494 is divided by (-76)/(-2) + (5/3 - 1140/171).
32
Calculate the remainder when 290 is divided by (187/(-34))/11*-82.
3
Let c be 2/5 + (-14)/10. Let s = 50141 - 50138. Calculate the remainder when 2 + -1 + (-7)/c is divided by s.
2
Suppose 24*y + 9326 = 15014. What is the remainder when y is divided by 47?
2
Let u = -96 - -29. Let w = u - -79. Calculate the remainder when ((-27)/w - -2)*140/(-5) is divided by 2.
1
Calculate the remainder when 59 is divided by 0 + 8 + (-3 + -4 - -10).
4
Suppose 0 = 4*n - n - d - 120, -80 = -2*n - 3*d. Let v(p) = 25*p - 9. Let o be v(10). Let b = 252 - o. What is the remainder when n is divided by b?
7
Let p(i) = 2*i - 15. Let b be p(-11). Let g = b - -58. Let j(m) = 16*m + 408. What is the remainder when j(-23) is divided by g?
19
Suppose -2*u + 328 = 2*u. Suppose -94*q + 96*q - 60 = 5*j, -5*q + 4*j + 133 = 0. What is the remainder when u is divided by q?
7
Suppose 46*v + 33 = 2*n + 49*v, 56 = 4*n + 4*v. Let f(a) = -13*a. What is the remainder when f(-4) is divided by n?
7
Calculate the remainder when 16796 is divided by (209 - -1)/(2/(-4)*(46 + -48)).
206
Let r(z) = -z**2 + 8*z - 12. Suppose -2*t + 18 = t. Calculate the remainder when r(3) is divided by (t/3)/(2/3).
0
Let l = -29 - -152. Suppose 105 - 68 = 4*r + n, 0 = 4*r - n - 35. What is the remainder when l is divided by r?
6
Suppose 2*k + 37 - 59 = -0*k. Calculate the remainder when 305 is divided by k.
8
Let p(r) = -r**2 - 34 + 2 - 61*r + 38*r. Let f be p(-22). Calculate the remainder when (-5)/f + 67/2 is divided by 12.
10
Let c(u) = 2*u - 15. Let r be c(6). Let b = 18 - r. Suppose 2*k = n - k - 27, 4*n - k - 53 = 0. What is the remainder when b is divided by n?
9
Let j = -8354 + 8395. What is the remainder when j is divided by ((-3)/(-6))/(2/44)?
8
Suppose -17*t - 31*t + 4132 = -2540. What is the remainder when 1393 is divided by t?
3
Let i = -336 - -501. Suppose -175*s + i*s = -100. Calculate the remainder when 42 is divided by s.
2
What is the remainder when 86 is divided by ((-196)/8 - -10)/(3/(-6))?
28
Suppose a - 2817 = -18*s + 6*s, 461 = 2*s + 3*a. Calculate the remainder when 1421 is divided by s.
11
Suppose -304 = -4*u - 4*u. Suppose 2*q - 4*q = u. Let i = -16 - q. Calculate the remainder when 13 is divided by i.
1
What is the remainder when (-184)/6*4158/(-252) is divided by 127?
125
Let w be (-144)/(-27) + (-1)/3. Let f be ((-2)/w)/(2/(-70)). Suppose f*z = 9*z + 170. Calculate the remainder when 67 is divided by z.
33
Calculate the remainder when 749 is divided by 7/84 + (-33253)/(-132).
245
Let v(g) = -g**3 + 42*g**2 - 74*g - 223. What is the remainder when 119 is divided by v(40)?
0
Let x(u) = u - 15. Let w be x(15). Suppose w = 26*o + 217 - 607. Calculate the remainder when 282 is divided by o.
12
What is the remainder when (-30)/(-36) - (-62125)/150 is divided by 136?
7
Suppose -4 = 5*i + 4*x - 115, 4*i = -x + 91. Calculate the remainder when 131780/605 + (9/(-6))/(33/(-4)) is divided by i.
11
Let k(j) = 1176*j - 3514. Let t(a) = 33*a**3 + a**2 - 1. Calculate the remainder when t(1) is divided by k(3).
5
Calculate the remainder when 18017 is divided by (-23 - -21)*(-555)/30.
35
Suppose 0 = -4*o + f + 10, f - 2 - 3 = -o. Let d = 952 + -951. Calculate the remainder when 212 is divided by (d/o)/((-33)/(-5346)).
50
Let f(a) = 8*a - 4. Let z be f(6). Let g(t) = -81*t**2 + z*t**2 + 6 + t**3 + 41*t**2 - 7*t. What is the remainder when 26 is divided by g(-5)?
10
Suppose -13*n - 81*n + 2162 = 0. What is the remainder when 357 is divided by n?
12
Let o be 80/(-14) - (648/63 - 10). Calculate the remainder when 2 + (36 - -6) + o is divided by 7.
3
Let u = 21 - -3. Suppose -10 = 6*a - 28. Suppose a = 5*g - 17, -g = -2*z + 132. Calculate the remainder when z is divided by u.
20
Let p(s) = -117*s - 476. What is the remainder when p(-11) is divided by 18?
1
Suppose -4*l + 756 = -4*x, 0 = -x - 2*x - 2*l - 592. Let f = x + 211. What is the remainder when (-12)/66 + 1091/11 is divided by f?
14
Let d = 572 + -347. Let m = 309 - d. Let v = -27 + 49. Calculate the remainder when m is divided by v.
18
Suppose 18*l - 4541 - 265 = 0. Let u = l - 228. Let i(k) = 2*k**2 + 6*k - 6. Calculate the remainder when u is divided by i(-5).
11
Let m be (328/5 + 0)*40/16. Let n = m - 148. Calculate the remainder when n is divided by 6.
4
Suppose -12*p + 52 = 4. Suppose -2*y - 3*m + 51 = 0, 0 = -y - p*y - 5*m + 135. Calculate the remainder when y is divided by 19.
11
Let u = 46 - 42. Suppose 24*q - 27*q + 20 = u*f, -5*q = -4*f - 12. What is the remainder when 7 is divided by f?
1
Let x = 4 - -13. Suppose 202*y - 3498 + 580 - 9404 = 0. What is the remainder when y is divided by x?
10
What is the remainder when (-1 + 6)*(257/(-5))/((-8)/24) is divided by 38?
11
Suppose 15*o + 21*o - 19 - 53 = 0. What is the remainder when 1347 is divided by o?
1
Suppose -5*b - 350 - 306 = -3*p, -4*b + 1081 = 5*p. Calculate the remainder when 447 is divided by p.
13
Suppose 2*q - 2*g = 2*g + 8, 3*q + 4 = -2*g. Suppose -3*a - 453 = -2*s + 45, -4*s + 3*a + 990 = q. What is the remainder when s is divided by 31?
29
What is the remainder when (40/3)/(876/(-63) + 14) is divided by 24?
20
Suppose 11145 = 4*d + 4301. Let w = d + -888. Calculate the remainder when w is divided by 59.
56
Suppose -2*p - p + 126 = 0. Let w = 89 - p. Suppose -5*b - 33*s + 31*s = -57, 5*s = -b - 7. What is the remainder when w is divided by b?
8
Let g(t) = -t**3 - 4*t**2 + 2*t - 10. Let f be g(-6). Suppose 0 = -18*s + 13*s + f. Let v(k) = 11*k - 14. Calculate the remainder when s is divided by v(2).
2
Suppose -32*w + 63*w = -279. Calculate the remainder when -6 + (-438)/(-9) - (-6)/w is divided by 15.
12
Calculate the remainder when 198 is divided by 6413/99 - 5/((-90)/4).
3
Let g = -83 - -175. Let r = g + -48. Let b = 57 - r. Calculate the remainder when 23 is divided by b.
10
Suppose 255 = -5*j - 2*f + 693, 4*j + f - 348 = 0. Calculate the remainder when 3525 is divided by j.
85
Let a be (27/(-4))/((-13)/(-104)). Let u be 10/3 + 18/a. Suppose -r + u = 0, 5 + 10 = 2*k - 3*r. What is the remainder when 82 is divided by k?
10
Suppose 62*r - 109 = -2*x + 57*r, -3*r = x - 53. Calculate the remainder when 14939 is divided by x.
59
Suppose 0 = -h - 59*n + 54*n + 40, 3*h - 60 = 5*n. Let b(k) = 6*k**2 + k - 6. Calculate the remainder when b(5) is divided by h.
24
Suppose -11*t = -1034 + 187. Let a(q) = q**2 + 18*q - 7. Let r be a(-5). Calculate the remainder when t is divided by (20/6)/((-6)/r).
37
Let m be 4 + 3*(-2)/(-6). Suppose 3*v - 283 = -m*i, -4*i - 4*v = -2*i - 102. Suppose 0 = 6847*y - 6850*y + 36. Calculate the remainder when i is divided by y.
11
Let h be 8/((-24)/(-9)) + -19. Let s = 100 + h. Calculate the remainder when s is divided by (-58 - 0)*3/(-6).
26
What is the remainder when 13517 is divided by -2*2 - (-36 - (-352)/(-44))?
37
Let l be 75/10*(4/(-6) - -2). Suppose -2*a + 52 = -4*m, a + l*m - 21 = 7*m. What is the remainder when 47 is divided by a?
23
Suppose 0 = 4*c + 129 - 545. Let y = 138 + -76. What is the remainder when c is divided by y?
42
Suppose 48*x - 24113 = 26950 - 12855. Calculate the remainder when x is divided by 89.
84
Suppose -2*c - 5 = -3*c. Suppose -o - w + c = w, 0 = -o - 5*w - 4. Suppose 4*j - 14 = 2*j. What is the remainder when o is divided by j?
4
Let s(r) = -r**2 - 29*r + 139. Calculate the remainder when 391 is divided by s(-29).
113
Let v be (-3)/(15/(-6917)) - (-3)/5. Suppose 6 = -2*s, 4*t - 5*s - v = -213. Calculate the remainder when t is divided by 73.
70
Let u(f) = -138*f - 1235. What is the remainder when u(-12) is divided by 24?
13
Let i = -131 + 242. Let y(w) = -4*w**2 - 982 + 984 + 6